mon factor of z and 30.
3
Suppose 31*l = 29*l - 656. Let g = l - -614. Let o be (32/(-48))/((-2)/78). What is the highest common divisor of g and o?
26
Suppose 50 = -4*r - 6. Let t be -352*r/(-21)*6/(-4). What is the greatest common divisor of 44 and t?
44
Let n(g) = -25*g - 818. Let h be n(-36). Calculate the greatest common divisor of h and 82.
82
Suppose 0 = 11*z - 507 - 2789 - 367. Calculate the greatest common factor of 407 and z.
37
Suppose -49*k + 37003 = 36709. Let r(b) = b**2 + 7*b + 9. Let m be r(-6). Suppose m*j - 4 = 2. What is the highest common factor of k and j?
2
Let f = -276 - 124. Let y = -393 - f. What is the greatest common factor of 112 and y?
7
Let w(f) = -f**3 + 20*f**2 + 25*f + 6. Let c be w(21). Let i = -82 + c. Suppose 0 = 2*k + 2*k - 96. Calculate the highest common factor of i and k.
8
Let w be ((-9)/((-135)/10))/((-1)/3). Let s be w/5 + (-255)/(-75) - 3. Suppose -3*m + 26 + 25 = s. What is the greatest common divisor of m and 68?
17
Suppose g - 72 = -g. Let o be 18/(-14) + 231840/1960. What is the greatest common divisor of o and g?
9
Suppose 80*b - 7560 - 440 = 0. What is the highest common divisor of 180 and b?
20
Let k(i) = -i**3 + 50*i**2 + i + 1919. Let n be k(0). Calculate the highest common divisor of n and 808.
101
Let w be (120/(-14))/(28 + 394/(-14)). Calculate the greatest common factor of w and 2980.
20
Let y = 70 + -19. Let c = y - 31. What is the greatest common factor of c and 36?
4
Suppose -2*y = -3*j - 2325 - 3181, y = -5*j + 2714. What is the greatest common factor of 8 and y?
8
Let k be 68554/18 - -5*44/495. Suppose -4*g + 2282 = 3*l, -2*l - g + k = 3*l. What is the highest common divisor of l and 6?
6
Let z(d) = -4*d**3 - 15*d**2 + 3*d + 7. Let r be z(-5). Calculate the highest common divisor of 423 and r.
9
Let v = -13 - -20. Let f(q) = -3*q**2 + 99*q - 676. Let d be f(10). Calculate the highest common factor of v and d.
7
Let a be (5820/679)/((-4)/(-14)). What is the greatest common factor of 1410 and a?
30
Let d = -18 - -34. Suppose d = 5*k + 26. Let c be (k + 168/(-15))*(-1 - 4). Calculate the greatest common divisor of c and 22.
22
Let t(z) = 28*z - 78. Let g be t(16). Suppose -5*w + 3*w = -5*a - 50, w + 3*a = 36. What is the highest common divisor of w and g?
10
Let o = 1497 + -1233. Calculate the highest common factor of 40 and o.
8
Let s = -8404 - -12904. What is the highest common factor of s and 36?
36
Let o(d) = -8*d**3 + 3*d + 3. Let g be o(-1). Suppose 12 = -5*t - g. Let v be (4 + -40)/t*(-20)/(-6). What is the highest common divisor of v and 6?
6
Let a be 3/(6/(-1))*-6*5. Let v(m) = -m + 3. Let f be v(4). Let x = 119 - f. What is the greatest common factor of a and x?
15
Suppose -12 = -2*u - 4*i, 3*u + i = 22 - 9. Suppose 0 = -4*n - 5*k + 41, u*n - 4*k + 6 = 2. Let g be 2*7*6/7. What is the highest common factor of g and n?
4
Let u be (-18*(-2)/(-3))/(3 - 1). Let h be -3 + -4 + 337 + u. Calculate the highest common divisor of h and 27.
27
Let s = -3457 + 3466. Calculate the greatest common factor of 2097 and s.
9
Let s = -2844 + 2924. What is the highest common factor of 20 and s?
20
Suppose 0 = -6*o + 2*o - 5*q + 20, -4*q = -4*o - 16. Suppose 3*a + 134 - 314 = o. What is the greatest common divisor of 160 and a?
20
Let b(r) = 43*r + 2390. Let v be b(-52). Calculate the greatest common factor of 154 and v.
154
Let k be 33 + 4128/(-128) - (-189)/4. Calculate the greatest common divisor of 372 and k.
12
Suppose 3*k + k - 12 = 0. Suppose 4*c = 2*q + 34, 0 = -k*c - c + q + 29. Suppose 0 = p - 0*p - 42. What is the highest common divisor of p and c?
6
Let o = 118 + -6. Suppose 2*r - 5*u = 122 + 87, -4*u - o = -r. Calculate the greatest common divisor of r and 16.
4
Let d(r) = 13*r - 15. Let b(x) = -x**3 - 18*x**2 - 15*x - 18. Let z be b(-17). Let u = z + 58. Let f be d(u). What is the greatest common factor of f and 9?
9
Let p = -118 + 138. Suppose -4*b - p = 0, 0*z + 3*z - 196 = 2*b. Calculate the greatest common factor of z and 31.
31
Let w = 12773 + -12772. Calculate the greatest common divisor of 509 and w.
1
Suppose h - 2*n = -2, -279*n - 14 = -2*h - 278*n. Calculate the greatest common divisor of 1690 and h.
10
Let d(w) = 4*w**2 - 2*w - 3. Let z be d(-2). Let k be (-6)/(-12)*((-20)/(-12) - 97/(-3)). Calculate the highest common divisor of z and k.
17
Suppose 2*n = 4*m - 318, 5*m + 58*n = 60*n + 395. Calculate the greatest common divisor of 1253 and m.
7
Let j(f) = 86*f - 851. Let o be j(10). Let d be (-1)/(-5) + (-2940)/(-50). Let m = -23 + d. What is the greatest common divisor of o and m?
9
Let j be (-46)/(-8) + 1/4. Let g be (162/(-90))/((-9)/(-30)). Let q be (117/g + 12)*(-32)/10. What is the highest common divisor of j and q?
6
Let p = 50357 - 50346. Suppose -3*j = -2*n + 2*j + 49, 4*n + 5*j = 83. What is the highest common divisor of p and n?
11
Suppose 4*s - 4476 = -2*o, -5*o + 5568 = 5*s - 7*o. What is the greatest common divisor of 124 and s?
124
Let t(z) = z + 4. Let a be t(-2). Suppose -24*m + 22*m + 452 = 4*f, -f - 437 = -a*m. Calculate the greatest common factor of m and 88.
44
Suppose 5*r + 308 = 4*l, 0*r = -3*r. Let p = -65 + l. Calculate the greatest common divisor of p and 1536.
12
Let x(h) = -h**2 + 174*h + 1481. Let s be x(-8). Let p be (-26)/(-22) + 8/(-44). What is the highest common divisor of s and p?
1
Let x be (-2)/6 - 7724/(-6). Suppose -23*n = -9*n + 48*n - 6138. Calculate the highest common divisor of x and n.
99
Let t be -11 + 23 + 885 - 1/(3/27). Calculate the highest common divisor of 3034 and t.
74
Let s(j) = -309*j - 915. Let b be s(-3). What is the greatest common divisor of b and 156?
12
Let s be 1/(-4) + (-1293)/(-4). Let u(l) = l**2 + 368*l - 79023. Let d be u(152). Calculate the greatest common factor of s and d.
17
Let b(z) = 4*z**3 - 2*z**2 + 4*z - 3. Let k be b(1). Suppose -175 = k*u - 8*u. Let a = u - 26. What is the highest common divisor of 6 and a?
3
Let j = -28 - -104. Let l = j + 32. Suppose -l - 552 = -6*f. Calculate the highest common divisor of 10 and f.
10
Let v(u) = 651*u - 12372. Let z be v(60). Calculate the highest common divisor of 192 and z.
192
Let o = -72 + 76. Suppose 2*j + 0*s + o*s - 38 = 0, -j + s = -13. Suppose 3*r - 8*r - 3*u + 53 = 0, 3*u - 3 = 0. What is the highest common factor of r and j?
5
Let x be -2 + (4/2 - -11). Let r(a) = x*a + 23 - a**2 + 3*a + 11*a - 17*a. Let d be r(7). What is the highest common factor of 3 and d?
3
Let i = 84 - 96. Let w be (i/(-9))/(-4) - 296/(-6). Suppose 4*y = -5*j + w, -5*j + 0*y - 2*y = -57. What is the highest common factor of 208 and j?
13
Suppose -2*g - 60 + 4 = 4*w, 0 = 5*w + 5*g + 80. Let s be 14/21 - 328/w. Let n be 5/10*(s - -3 - 3). What is the highest common factor of n and 21?
7
Suppose -s = -k + 11, 5*k + s + 39 = 10*k. Suppose i - 36 = 4*l - k*l, 2*i = -5*l + 60. What is the greatest common factor of l and 276?
12
Let v(o) = 3*o - 3. Let p be v(3). Suppose 489 + 38 = 2*w + l, -3*l = 15. Suppose f = -s + 22 + 28, 5*f + s = w. What is the highest common factor of p and f?
6
Suppose -8 = -5*y - 3*k, k - 4 = -3. Let i = 31 + -83. Let w = i + 55. What is the greatest common factor of y and w?
1
Suppose -2*v - 3*j + 37 + 59 = 0, 0 = -2*v - j + 92. Let y = v + -21. What is the greatest common divisor of y and 104?
8
Suppose 2*k - w = 211, -4*k + 7*w = 3*w - 432. Suppose 3*f - 223 = -k. What is the greatest common divisor of 50 and f?
10
Suppose 5*n = o + 2774 - 11809, 4*n = -2*o + 18182. What is the greatest common divisor of 225 and o?
75
Suppose 0 = o + 2*u + 175, 0*u = -5*o - 2*u - 835. Let l = 21 - o. Calculate the greatest common divisor of 248 and l.
62
Let h be 8 - (3 - (-6 - -3)). Suppose h*j + 2*a = 838, 3*j + 425 = 4*j + 3*a. What is the highest common factor of 32 and j?
32
Let r(m) = 25*m + 269. Let k be r(-5). What is the greatest common divisor of 99 and k?
9
Suppose -5*x = -5*d, -d = 2*x + 5 + 4. Let z be (-92)/(-4) - (1 + (-3)/d). What is the greatest common factor of 63 and z?
21
Let d be 150/(-120) - ((-136215)/36)/((-6)/(-10)). What is the greatest common factor of d and 10?
5
Suppose 247*a - 137*a = 29480. What is the highest common divisor of a and 1742?
134
Suppose -151518 = -55*a + 65136 + 47731. Calculate the highest common divisor of 22 and a.
1